{"id":81,"date":"2026-02-13T07:56:33","date_gmt":"2026-02-13T07:56:33","guid":{"rendered":"https:\/\/mathilde-robert-art.fr\/?page_id=81"},"modified":"2026-04-10T10:18:13","modified_gmt":"2026-04-10T10:18:13","slug":"couverture-roman","status":"publish","type":"page","link":"https:\/\/mathilde-robert-art.fr\/index.php\/portfolio\/couverture-roman\/","title":{"rendered":"Num\u00e9rique"},"content":{"rendered":"\n<div class=\"wp-block-group is-content-justification-right is-nowrap is-layout-flex wp-container-core-group-is-layout-17124a9a wp-block-group-is-layout-flex\">\n<figure class=\"wp-block-image size-large is-style-rounded is-style-rounded--1\"><img loading=\"lazy\" decoding=\"async\" width=\"576\" height=\"1024\" src=\"https:\/\/mathilde-robert-art.fr\/wp-content\/uploads\/2026\/04\/numerique-576x1024.jpg\" alt=\"\" class=\"wp-image-265\" srcset=\"https:\/\/mathilde-robert-art.fr\/wp-content\/uploads\/2026\/04\/numerique-576x1024.jpg 576w, https:\/\/mathilde-robert-art.fr\/wp-content\/uploads\/2026\/04\/numerique-169x300.jpg 169w, https:\/\/mathilde-robert-art.fr\/wp-content\/uploads\/2026\/04\/numerique-768x1365.jpg 768w, https:\/\/mathilde-robert-art.fr\/wp-content\/uploads\/2026\/04\/numerique-864x1536.jpg 864w, https:\/\/mathilde-robert-art.fr\/wp-content\/uploads\/2026\/04\/numerique.jpg 1125w\" sizes=\"auto, (max-width: 576px) 100vw, 576px\" \/><\/figure>\n\n\n\n<p>La carte de la force parle de la force tranquille, calme, puissante. Elle parle aussi de la f\u00e9minit\u00e9 : la femme dompte le lion. C&rsquo;est la carte du f\u00e9ministe selon moi et vu qu&rsquo;en num\u00e9rique je traite beauvoup la femme, c&rsquo;est pourquoi je la trouv\u00e9 bien adapt\u00e9e. <\/p>\n<\/div>\n\n\n\n<div style=\"height:87px\" aria-hidden=\"true\" class=\"wp-block-spacer\"><\/div>\n\n\n\n<div class=\"wp-block-columns alignfull has-base-background-color has-background is-layout-flex wp-container-core-columns-is-layout-2b0f68c7 wp-block-columns-is-layout-flex\" style=\"margin-top:0;margin-bottom:0;padding-top:var(--wp--preset--spacing--20);padding-right:var(--wp--preset--spacing--20);padding-bottom:var(--wp--preset--spacing--20);padding-left:var(--wp--preset--spacing--20)\">\n<div class=\"wp-block-column is-layout-flow wp-block-column-is-layout-flow\">\n<figure class=\"wp-block-image size-large\"><img loading=\"lazy\" decoding=\"async\" width=\"819\" height=\"1024\" src=\"http:\/\/mathilde-robert-art.fr\/wp-content\/uploads\/2026\/02\/Feel_the_air-819x1024.jpg\" alt=\"\" class=\"wp-image-42\" srcset=\"https:\/\/mathilde-robert-art.fr\/wp-content\/uploads\/2026\/02\/Feel_the_air-819x1024.jpg 819w, https:\/\/mathilde-robert-art.fr\/wp-content\/uploads\/2026\/02\/Feel_the_air-240x300.jpg 240w, https:\/\/mathilde-robert-art.fr\/wp-content\/uploads\/2026\/02\/Feel_the_air-768x960.jpg 768w, https:\/\/mathilde-robert-art.fr\/wp-content\/uploads\/2026\/02\/Feel_the_air-1229x1536.jpg 1229w, https:\/\/mathilde-robert-art.fr\/wp-content\/uploads\/2026\/02\/Feel_the_air.jpg 1440w\" sizes=\"auto, (max-width: 819px) 100vw, 819px\" \/><figcaption class=\"wp-element-caption\">Our week planet, 2025<\/figcaption><\/figure>\n<\/div>\n\n\n\n<div class=\"wp-block-column is-layout-flow wp-block-column-is-layout-flow\">\n<figure class=\"wp-block-image size-large\"><img loading=\"lazy\" decoding=\"async\" width=\"819\" height=\"1024\" src=\"http:\/\/mathilde-robert-art.fr\/wp-content\/uploads\/2026\/02\/Hear_the_ocean-819x1024.jpg\" alt=\"\" class=\"wp-image-47\" srcset=\"https:\/\/mathilde-robert-art.fr\/wp-content\/uploads\/2026\/02\/Hear_the_ocean-819x1024.jpg 819w, https:\/\/mathilde-robert-art.fr\/wp-content\/uploads\/2026\/02\/Hear_the_ocean-240x300.jpg 240w, https:\/\/mathilde-robert-art.fr\/wp-content\/uploads\/2026\/02\/Hear_the_ocean-768x960.jpg 768w, https:\/\/mathilde-robert-art.fr\/wp-content\/uploads\/2026\/02\/Hear_the_ocean-1229x1536.jpg 1229w, https:\/\/mathilde-robert-art.fr\/wp-content\/uploads\/2026\/02\/Hear_the_ocean.jpg 1440w\" sizes=\"auto, (max-width: 819px) 100vw, 819px\" \/><\/figure>\n<\/div>\n\n\n\n<div class=\"wp-block-column is-layout-flow wp-block-column-is-layout-flow\">\n<figure class=\"wp-block-image size-large\"><img loading=\"lazy\" decoding=\"async\" width=\"819\" height=\"1024\" src=\"https:\/\/mathilde-robert-art.fr\/wp-content\/uploads\/2026\/04\/touch_ground-819x1024.jpg\" alt=\"\" class=\"wp-image-318\" srcset=\"https:\/\/mathilde-robert-art.fr\/wp-content\/uploads\/2026\/04\/touch_ground-819x1024.jpg 819w, https:\/\/mathilde-robert-art.fr\/wp-content\/uploads\/2026\/04\/touch_ground-240x300.jpg 240w, https:\/\/mathilde-robert-art.fr\/wp-content\/uploads\/2026\/04\/touch_ground-768x960.jpg 768w, https:\/\/mathilde-robert-art.fr\/wp-content\/uploads\/2026\/04\/touch_ground-1229x1536.jpg 1229w, https:\/\/mathilde-robert-art.fr\/wp-content\/uploads\/2026\/04\/touch_ground.jpg 1600w\" sizes=\"auto, (max-width: 819px) 100vw, 819px\" \/><\/figure>\n<\/div>\n\n\n\n<div class=\"wp-block-column is-layout-flow wp-block-column-is-layout-flow\">\n<figure class=\"wp-block-image size-large\"><img loading=\"lazy\" decoding=\"async\" width=\"819\" height=\"1024\" src=\"https:\/\/mathilde-robert-art.fr\/wp-content\/uploads\/2026\/04\/see_the_wild-819x1024.jpg\" alt=\"\" class=\"wp-image-319\" srcset=\"https:\/\/mathilde-robert-art.fr\/wp-content\/uploads\/2026\/04\/see_the_wild-819x1024.jpg 819w, https:\/\/mathilde-robert-art.fr\/wp-content\/uploads\/2026\/04\/see_the_wild-240x300.jpg 240w, https:\/\/mathilde-robert-art.fr\/wp-content\/uploads\/2026\/04\/see_the_wild-768x960.jpg 768w, https:\/\/mathilde-robert-art.fr\/wp-content\/uploads\/2026\/04\/see_the_wild-1229x1536.jpg 1229w, https:\/\/mathilde-robert-art.fr\/wp-content\/uploads\/2026\/04\/see_the_wild.jpg 1600w\" sizes=\"auto, (max-width: 819px) 100vw, 819px\" \/><\/figure>\n<\/div>\n<\/div>\n\n\n\n<div style=\"height:87px\" aria-hidden=\"true\" class=\"wp-block-spacer\"><\/div>\n\n\n\n<div class=\"wp-block-columns alignfull has-base-background-color has-background is-layout-flex wp-container-core-columns-is-layout-2b0f68c7 wp-block-columns-is-layout-flex\" style=\"margin-top:0;margin-bottom:0;padding-top:var(--wp--preset--spacing--20);padding-right:var(--wp--preset--spacing--20);padding-bottom:var(--wp--preset--spacing--20);padding-left:var(--wp--preset--spacing--20)\">\n<div class=\"wp-block-column is-layout-flow wp-block-column-is-layout-flow\">\n<figure class=\"wp-block-image size-large\"><img loading=\"lazy\" decoding=\"async\" width=\"560\" height=\"1024\" src=\"http:\/\/mathilde-robert-art.fr\/wp-content\/uploads\/2026\/02\/feu-560x1024.jpg\" alt=\"\" class=\"wp-image-43\" srcset=\"https:\/\/mathilde-robert-art.fr\/wp-content\/uploads\/2026\/02\/feu-560x1024.jpg 560w, https:\/\/mathilde-robert-art.fr\/wp-content\/uploads\/2026\/02\/feu-164x300.jpg 164w, https:\/\/mathilde-robert-art.fr\/wp-content\/uploads\/2026\/02\/feu-768x1403.jpg 768w, https:\/\/mathilde-robert-art.fr\/wp-content\/uploads\/2026\/02\/feu-841x1536.jpg 841w, https:\/\/mathilde-robert-art.fr\/wp-content\/uploads\/2026\/02\/feu.jpg 985w\" sizes=\"auto, (max-width: 560px) 100vw, 560px\" \/><figcaption class=\"wp-element-caption\">Les quatre \u00e9l\u00e9ments, 2024<\/figcaption><\/figure>\n<\/div>\n\n\n\n<div class=\"wp-block-column is-layout-flow wp-block-column-is-layout-flow\">\n<figure class=\"wp-block-image size-large\"><img loading=\"lazy\" decoding=\"async\" width=\"560\" height=\"1024\" src=\"https:\/\/mathilde-robert-art.fr\/wp-content\/uploads\/2026\/04\/air-560x1024.jpg\" alt=\"\" class=\"wp-image-314\" srcset=\"https:\/\/mathilde-robert-art.fr\/wp-content\/uploads\/2026\/04\/air-560x1024.jpg 560w, https:\/\/mathilde-robert-art.fr\/wp-content\/uploads\/2026\/04\/air-164x300.jpg 164w, https:\/\/mathilde-robert-art.fr\/wp-content\/uploads\/2026\/04\/air-768x1404.jpg 768w, https:\/\/mathilde-robert-art.fr\/wp-content\/uploads\/2026\/04\/air-840x1536.jpg 840w, https:\/\/mathilde-robert-art.fr\/wp-content\/uploads\/2026\/04\/air.jpg 1094w\" sizes=\"auto, (max-width: 560px) 100vw, 560px\" \/><\/figure>\n<\/div>\n\n\n\n<div class=\"wp-block-column is-layout-flow wp-block-column-is-layout-flow\">\n<figure class=\"wp-block-image size-large\"><img loading=\"lazy\" decoding=\"async\" width=\"560\" height=\"1024\" src=\"http:\/\/mathilde-robert-art.fr\/wp-content\/uploads\/2026\/02\/Eau-560x1024.jpg\" alt=\"\" class=\"wp-image-35\" srcset=\"https:\/\/mathilde-robert-art.fr\/wp-content\/uploads\/2026\/02\/Eau-560x1024.jpg 560w, https:\/\/mathilde-robert-art.fr\/wp-content\/uploads\/2026\/02\/Eau-164x300.jpg 164w, https:\/\/mathilde-robert-art.fr\/wp-content\/uploads\/2026\/02\/Eau-768x1405.jpg 768w, https:\/\/mathilde-robert-art.fr\/wp-content\/uploads\/2026\/02\/Eau-840x1536.jpg 840w, https:\/\/mathilde-robert-art.fr\/wp-content\/uploads\/2026\/02\/Eau.jpg 984w\" sizes=\"auto, (max-width: 560px) 100vw, 560px\" \/><\/figure>\n<\/div>\n\n\n\n<div class=\"wp-block-column is-layout-flow wp-block-column-is-layout-flow\">\n<figure class=\"wp-block-image size-large\"><img loading=\"lazy\" decoding=\"async\" width=\"561\" height=\"1024\" src=\"https:\/\/mathilde-robert-art.fr\/wp-content\/uploads\/2026\/04\/terre-561x1024.jpg\" alt=\"\" class=\"wp-image-315\" srcset=\"https:\/\/mathilde-robert-art.fr\/wp-content\/uploads\/2026\/04\/terre-561x1024.jpg 561w, https:\/\/mathilde-robert-art.fr\/wp-content\/uploads\/2026\/04\/terre-164x300.jpg 164w, https:\/\/mathilde-robert-art.fr\/wp-content\/uploads\/2026\/04\/terre-768x1403.jpg 768w, https:\/\/mathilde-robert-art.fr\/wp-content\/uploads\/2026\/04\/terre-841x1536.jpg 841w, https:\/\/mathilde-robert-art.fr\/wp-content\/uploads\/2026\/04\/terre.jpg 1095w\" sizes=\"auto, (max-width: 561px) 100vw, 561px\" \/><\/figure>\n<\/div>\n<\/div>\n\n\n\n<div style=\"height:87px\" aria-hidden=\"true\" class=\"wp-block-spacer\"><\/div>\n\n\n\n<div class=\"wp-block-columns alignfull has-base-background-color has-background is-layout-flex wp-container-core-columns-is-layout-2b0f68c7 wp-block-columns-is-layout-flex\" style=\"margin-top:0;margin-bottom:0;padding-top:var(--wp--preset--spacing--20);padding-right:var(--wp--preset--spacing--20);padding-bottom:var(--wp--preset--spacing--20);padding-left:var(--wp--preset--spacing--20)\">\n<div class=\"wp-block-column is-layout-flow wp-block-column-is-layout-flow\">\n<figure class=\"wp-block-image size-large\"><img loading=\"lazy\" decoding=\"async\" width=\"819\" height=\"1024\" src=\"http:\/\/mathilde-robert-art.fr\/wp-content\/uploads\/2026\/02\/gollum-819x1024.jpg\" alt=\"\" class=\"wp-image-45\" srcset=\"https:\/\/mathilde-robert-art.fr\/wp-content\/uploads\/2026\/02\/gollum-819x1024.jpg 819w, https:\/\/mathilde-robert-art.fr\/wp-content\/uploads\/2026\/02\/gollum-240x300.jpg 240w, https:\/\/mathilde-robert-art.fr\/wp-content\/uploads\/2026\/02\/gollum-768x960.jpg 768w, https:\/\/mathilde-robert-art.fr\/wp-content\/uploads\/2026\/02\/gollum-1229x1536.jpg 1229w, https:\/\/mathilde-robert-art.fr\/wp-content\/uploads\/2026\/02\/gollum.jpg 1440w\" sizes=\"auto, (max-width: 819px) 100vw, 819px\" \/><figcaption class=\"wp-element-caption\">Les quatre \u00e9l\u00e9ments, 2024<\/figcaption><\/figure>\n<\/div>\n\n\n\n<div class=\"wp-block-column is-layout-flow wp-block-column-is-layout-flow\">\n<figure class=\"wp-block-image size-large\"><img loading=\"lazy\" decoding=\"async\" width=\"819\" height=\"1024\" src=\"http:\/\/mathilde-robert-art.fr\/wp-content\/uploads\/2026\/02\/Carapuce-819x1024.jpg\" alt=\"\" class=\"wp-image-30\" srcset=\"https:\/\/mathilde-robert-art.fr\/wp-content\/uploads\/2026\/02\/Carapuce-819x1024.jpg 819w, https:\/\/mathilde-robert-art.fr\/wp-content\/uploads\/2026\/02\/Carapuce-240x300.jpg 240w, https:\/\/mathilde-robert-art.fr\/wp-content\/uploads\/2026\/02\/Carapuce-768x960.jpg 768w, https:\/\/mathilde-robert-art.fr\/wp-content\/uploads\/2026\/02\/Carapuce-1229x1536.jpg 1229w, https:\/\/mathilde-robert-art.fr\/wp-content\/uploads\/2026\/02\/Carapuce.jpg 1440w\" sizes=\"auto, (max-width: 819px) 100vw, 819px\" \/><\/figure>\n<\/div>\n\n\n\n<div class=\"wp-block-column is-layout-flow wp-block-column-is-layout-flow\"><\/div>\n\n\n\n<div class=\"wp-block-column is-layout-flow wp-block-column-is-layout-flow\">\n<figure class=\"wp-block-image size-large\"><img loading=\"lazy\" decoding=\"async\" width=\"819\" height=\"1024\" src=\"http:\/\/mathilde-robert-art.fr\/wp-content\/uploads\/2026\/02\/Autoportrait-819x1024.jpg\" alt=\"\" class=\"wp-image-29\" style=\"object-fit:cover\" srcset=\"https:\/\/mathilde-robert-art.fr\/wp-content\/uploads\/2026\/02\/Autoportrait-819x1024.jpg 819w, https:\/\/mathilde-robert-art.fr\/wp-content\/uploads\/2026\/02\/Autoportrait-240x300.jpg 240w, https:\/\/mathilde-robert-art.fr\/wp-content\/uploads\/2026\/02\/Autoportrait-768x960.jpg 768w, https:\/\/mathilde-robert-art.fr\/wp-content\/uploads\/2026\/02\/Autoportrait-1229x1536.jpg 1229w, https:\/\/mathilde-robert-art.fr\/wp-content\/uploads\/2026\/02\/Autoportrait.jpg 1440w\" sizes=\"auto, (max-width: 819px) 100vw, 819px\" \/><\/figure>\n<\/div>\n<\/div>\n\n\n\n<p><\/p>\n","protected":false},"excerpt":{"rendered":"<p>La carte de la force parle de la force tranquille, calme, puissante. Elle parle aussi de la f\u00e9minit\u00e9 : la femme dompte le lion. C&rsquo;est la carte du f\u00e9ministe selon moi et vu qu&rsquo;en num\u00e9rique je traite beauvoup la femme, c&rsquo;est pourquoi je la trouv\u00e9 bien adapt\u00e9e.<\/p>\n","protected":false},"author":1,"featured_media":0,"parent":7,"menu_order":0,"comment_status":"closed","ping_status":"closed","template":"","meta":{"footnotes":""},"class_list":["post-81","page","type-page","status-publish","hentry"],"_links":{"self":[{"href":"https:\/\/mathilde-robert-art.fr\/index.php\/wp-json\/wp\/v2\/pages\/81","targetHints":{"allow":["GET"]}}],"collection":[{"href":"https:\/\/mathilde-robert-art.fr\/index.php\/wp-json\/wp\/v2\/pages"}],"about":[{"href":"https:\/\/mathilde-robert-art.fr\/index.php\/wp-json\/wp\/v2\/types\/page"}],"author":[{"embeddable":true,"href":"https:\/\/mathilde-robert-art.fr\/index.php\/wp-json\/wp\/v2\/users\/1"}],"replies":[{"embeddable":true,"href":"https:\/\/mathilde-robert-art.fr\/index.php\/wp-json\/wp\/v2\/comments?post=81"}],"version-history":[{"count":7,"href":"https:\/\/mathilde-robert-art.fr\/index.php\/wp-json\/wp\/v2\/pages\/81\/revisions"}],"predecessor-version":[{"id":323,"href":"https:\/\/mathilde-robert-art.fr\/index.php\/wp-json\/wp\/v2\/pages\/81\/revisions\/323"}],"up":[{"embeddable":true,"href":"https:\/\/mathilde-robert-art.fr\/index.php\/wp-json\/wp\/v2\/pages\/7"}],"wp:attachment":[{"href":"https:\/\/mathilde-robert-art.fr\/index.php\/wp-json\/wp\/v2\/media?parent=81"}],"curies":[{"name":"wp","href":"https:\/\/api.w.org\/{rel}","templated":true}]}}